greatest common divisor of 210 and 150?
30
Calculate the highest common divisor of 85 and 1309.
17
Calculate the highest common factor of 110 and 2574.
22
Calculate the highest common divisor of 1496 and 264.
88
What is the greatest common divisor of 15 and 645?
15
Calculate the greatest common divisor of 21 and 15.
3
Calculate the greatest common divisor of 1790 and 10.
10
What is the highest common divisor of 489 and 20212?
163
Calculate the highest common factor of 195 and 520.
65
What is the greatest common divisor of 874 and 23?
23
What is the highest common divisor of 3504 and 48?
48
What is the highest common divisor of 5457 and 1?
1
Calculate the highest common factor of 99 and 418.
11
What is the highest common divisor of 558 and 2356?
62
What is the greatest common divisor of 4 and 2?
2
What is the greatest common factor of 24 and 96?
24
What is the highest common factor of 5450 and 25?
25
Calculate the greatest common factor of 3401 and 38.
19
Calculate the greatest common divisor of 2422 and 14.
14
Calculate the highest common factor of 644 and 1428.
28
Calculate the highest common divisor of 248 and 31.
31
What is the greatest common factor of 6939 and 54?
27
What is the highest common factor of 10 and 20?
10
What is the highest common divisor of 50 and 175?
25
What is the highest common divisor of 924 and 1716?
132
Calculate the greatest common factor of 87 and 1305.
87
Calculate the greatest common divisor of 4240 and 100.
20
Calculate the greatest common divisor of 14 and 511.
7
What is the greatest common factor of 352 and 1067?
11
What is the greatest common divisor of 38 and 162?
2
What is the highest common divisor of 102 and 9078?
102
Calculate the highest common factor of 48 and 224.
16
Calculate the greatest common factor of 152 and 1330.
38
What is the greatest common factor of 56 and 29176?
56
What is the highest common divisor of 840 and 90?
30
Calculate the highest common factor of 34 and 2.
2
Calculate the greatest common divisor of 175 and 1575.
175
Calculate the greatest common factor of 10 and 15.
5
What is the highest common factor of 840 and 4256?
56
What is the highest common factor of 14 and 6055?
7
What is the greatest common divisor of 5858 and 58?
58
Calculate the greatest common factor of 12 and 33468.
12
Calculate the highest common factor of 17 and 3961.
17
What is the highest common divisor of 2178 and 9?
9
What is the highest common factor of 225 and 405?
45
Calculate the greatest common divisor of 136584 and 21.
21
What is the highest common factor of 126 and 189?
63
Calculate the highest common divisor of 112 and 6.
2
Calculate the highest common divisor of 22 and 9251.
11
What is the greatest common factor of 3 and 13?
1
Calculate the greatest common factor of 19 and 13471.
19
What is the greatest common divisor of 665 and 35?
35
What is the highest common divisor of 21675 and 75?
75
Calculate the greatest common factor of 226 and 1469.
113
Calculate the greatest common divisor of 145 and 5.
5
What is the highest common divisor of 12784 and 51?
17
What is the greatest common divisor of 5379 and 66?
33
What is the highest common factor of 165 and 1045?
55
What is the greatest common factor of 235 and 376?
47
What is the highest common factor of 44 and 8?
4
What is the highest common factor of 29 and 841?
29
Calculate the greatest common factor of 6017 and 22.
11
Calculate the greatest common factor of 2261 and 238.
119
Calculate the greatest common factor of 14 and 182.
14
What is the greatest common factor of 767 and 2006?
59
What is the highest common factor of 99 and 15?
3
What is the greatest common factor of 45 and 190?
5
What is the greatest common factor of 1339 and 260?
13
Calculate the highest common factor of 135 and 297.
27
What is the highest common divisor of 1357 and 184?
23
Calculate the highest common factor of 6 and 9.
3
Calculate the highest common factor of 37 and 8621.
37
What is the highest common divisor of 10486 and 428?
214
What is the highest common factor of 88 and 104?
8
Calculate the greatest common divisor of 833 and 119.
119
What is the greatest common divisor of 33 and 1353?
33
What is the greatest common factor of 1169 and 3173?
167
What is the highest common factor of 171 and 1653?
57
Calculate the highest common divisor of 1919 and 19.
19
Calculate the highest common factor of 93 and 124.
31
What is the highest common divisor of 36 and 72?
36
Calculate the greatest common factor of 69 and 138.
69
Calculate the greatest common divisor of 215 and 2623.
43
Calculate the greatest common factor of 981 and 9.
9
What is the highest common factor of 10 and 190?
10
What is the highest common factor of 110 and 2090?
110
What is the highest common divisor of 40 and 144?
8
Calculate the greatest common divisor of 72 and 153.
9
Calculate the greatest common divisor of 1550 and 25.
25
Calculate the greatest common divisor of 8695 and 111.
37
What is the greatest common divisor of 12 and 10362?
6
What is the greatest common divisor of 2 and 38?
2
What is the highest common divisor of 227 and 14755?
227
Calculate the highest common factor of 66 and 110.
22
What is the highest common factor of 28 and 70?
14
What is the greatest common factor of 47 and 1269?
47
Calculate the greatest common divisor of 1900 and 220.
20
What is the highest common factor of 76 and 190?
38
Calculate the greatest common divisor of 230 and 120.
10
Calculate the highest common factor of 993 and 21.
3
Calculate the highest common factor of 1192 and 32.
8
What is the greatest common divisor of 32 and 5792?
32
What is the greatest common factor of 448 and 1288?
56
What is the greatest common factor of 153 and 9?
9
What is the greatest common divisor of 226 and 2599?
113
Calculate the greatest common factor of 261 and 58.
29
Calculate the greatest common factor of 16 and 3152.
16
What is the greatest common factor of 81 and 531?
9
Calculate the highest common factor of 61 and 1403.
61
Calculate the highest common divisor of 45 and 4365.
45
Calculate the greatest common divisor of 830 and 3154.
166
Calculate the highest common factor of 4952 and 16.
8
What is the highest common divisor of 1767 and 93?
93
Calculate the greatest common divisor of 933 and 42.
3
Calculate the greatest common factor of 19 and 32927.
19
Calculate the greatest common factor of 12 and 32316.
12
Calculate the greatest common factor of 225 and 279.
9
Calculate the highest common divisor of 4104 and 72.
72
What is the highest common factor of 1133 and 55?
11
What is the highest common factor of 3055 and 130?
65
Calculate the greatest common factor of 14 and 161.
7
Calculate the highest common divisor of 1211 and 7.
7
Calculate the greatest common divisor of 14 and 31346.
14
What is the highest common divisor of 260 and 312?
52
Calculate the highest common divisor of 35 and 329.
7
What is the greatest common factor of 807 and 39?
3
Calculate the highest common divisor of 2091 and 612.
51
What is the greatest common factor of 7196 and 56?
28
Calculate the greatest common divisor of 960 and 64.
64
What is the greatest common factor of 6324 and 120?
12
Calculate the greatest common divisor of 329 and 235.
47
What is the greatest common factor of 3231 and 36?
9
Calculate the highest common divisor of 2597 and 49.
49
Calculate the highest common divisor of 1656 and 216.
72
What is the highest common factor of 1121 and 59?
59
What is the greatest common factor of 54 and 3267?
27
What is the highest common factor of 2088 and 3712?
232
Calculate the greatest common divisor of 90 and 40.
10
What is the highest common divisor of 100 and 3150?
50
Calculate the highest common divisor of 2860 and 440.
220
What is the greatest common divisor of 18 and 63?
9
Calculate the highest common divisor of 6292 and 22.
22
Calculate the highest common divisor of 25 and 490.
5
What is the greatest common divisor of 1824 and 2394?
114
Calculate the greatest common divisor of 91 and 1313.
13
Calculate the highest common divisor of 264 and 1408.
88
What is the greatest common factor of 120 and 5325?
15
Calculate the highest common divisor of 4 and 44.
4
Calculate the highest common divisor of 315 and 70.
35
What is the highest common factor of 620 and 5828?
124
Ca